sor of 15 and q.
15
Let s be (-4 + 0)*(1 - 2). Let i(o) = -o**3 + 5*o**2 - 5*o + 4. Let a be i(s). Suppose 0 = q - 1 - a. Calculate the highest common divisor of 9 and q.
1
Let n(c) = -2*c**3 + 4*c**2 + 6*c + 2. Let m(t) = t**2 + t. Let q(r) = -3*m(r) + n(r). Let o be q(-3). Calculate the highest common factor of o and 28.
28
Suppose 70 = 3*z + f, -3*z + 3*f = -0*z - 66. Let w be (-344)/(-16) + (-21)/(-14). What is the highest common factor of z and w?
23
Let n(k) = -7*k + 4. Let z = 22 + -26. Let y be n(z). Suppose y = -6*s + 8*s. What is the greatest common divisor of 48 and s?
16
Let x(i) = -i - 14. Let w be x(-13). Let v be 1/w*27/(-1). Let s be ((-2)/3)/((-2)/v). Calculate the highest common factor of s and 90.
9
Suppose 0*h - 52 = 4*i + 4*h, -h = 4. Let g be (-8)/20 - (-248)/(-5). Let s be g/(-8)*(i - -13). What is the highest common factor of 200 and s?
25
Let a = -11 - -60. Let u = 40 + -26. Calculate the highest common divisor of a and u.
7
Let a be 12 + (2 - (3 - 1)). Suppose -4*i = 4*n - 8, -i - i = 4. Calculate the highest common divisor of a and n.
4
Let a be 3/(3 + 3) + (-127)/(-2). Suppose -k = -a + 13. Calculate the greatest common factor of 17 and k.
17
Suppose 4*a + 5*u - 37 = -0*u, -u = -3*a + 42. Let g(d) = -7*d - 56. Let c = -67 + 46. Let y be g(c). Calculate the highest common factor of y and a.
13
Let q(x) = 8*x + 1. Let u(l) = -l**3 + 3*l**2 + 4*l + 1. Let j be u(4). Let f be q(j). Calculate the highest common factor of 81 and f.
9
Let k(x) = 6*x**3 - 2*x**2 - 39*x - 9. Let q be k(5). Calculate the highest common divisor of q and 62.
62
Let j(g) = -g - 1. Let y be j(-13). Let w be -2 - y/(-3) - 0. What is the greatest common divisor of 16 and w?
2
Suppose 32940 = -63*o + 90*o. What is the highest common divisor of 4 and o?
4
Let s(y) = 2*y**3 + 4*y**2 - 4*y + 49. Let x be s(0). What is the highest common divisor of x and 1960?
49
Let l be (-6598)/(-8) - 4/(-16). Suppose 2*y - 290 = -z, 2*z = 5*z - 3*y - l. Suppose 0 = 14*a - 12*a - z. Calculate the highest common factor of 20 and a.
20
Let r = 1127 + -679. What is the greatest common factor of 28 and r?
28
Let o = 5 + -7. Let x be (o - 2) + (-3 - -27). Suppose -2*q = -20 - x. Calculate the greatest common divisor of 8 and q.
4
Let x = 23 + -22. Let m = -24 + 20. Let o be 20 + -4 + m/x. Calculate the greatest common divisor of 84 and o.
12
Let m be 1/(9/9) + -1 + 45. Calculate the highest common divisor of 18 and m.
9
Let o(j) = 55*j - 740. Let n be o(16). What is the greatest common divisor of n and 340?
20
Let n(p) = 4*p - 4 + 7*p - p**2 - 8*p + 10*p. Let d be n(8). Let x(k) = -k**2 + 12*k - 11. Let u be x(5). What is the greatest common divisor of u and d?
12
Let k be (-3)/(48/(-88))*2. Suppose 0*h + 2*h = 198. What is the highest common factor of k and h?
11
Let p(u) = -40*u + 56. Let n(c) = -c. Let t(i) = 16*n(i) - p(i). Let o be t(6). Let k(v) = v + 6. Let l be k(5). What is the greatest common factor of l and o?
11
Let n = -27 + 4. Let v be -3 - (n + 1 + 0). Let i = v + 11. What is the highest common divisor of 10 and i?
10
Let x = -13 - -23. Let h be (-7)/(-6) - 15/90 - -109. What is the greatest common divisor of h and x?
10
Let w = 92 + -53. Let n = -21 + w. What is the highest common divisor of n and 9?
9
Let u = 89 + -83. Suppose -6 = -4*n + u. What is the greatest common factor of n and 27?
3
Let t(x) be the second derivative of 7*x**4/12 + x. Let h be t(-4). Let c be 28 + ((-2)/(-4) - (-3)/(-6)). Calculate the greatest common divisor of h and c.
28
Let q(f) = 3*f + 75. Let k be q(20). Suppose 0 = -5*d - 4*j + 67, -25 = -2*d - 2*j + 1. Calculate the greatest common divisor of d and k.
15
Let y(m) = 37*m**2 + 2*m + 1. Let x be y(-1). Suppose -14*u - u = -90. What is the highest common factor of u and x?
6
Suppose -3*y - 254 = -u, 5*u - y = -4*y + 1216. Suppose l + 74 = -z + u, l - 165 = z. What is the greatest common divisor of 21 and l?
21
Let o = -130 - -148. Calculate the highest common factor of 144 and o.
18
Let p(d) be the first derivative of -1/2*d**2 - d + 6. Let g be p(-4). Calculate the greatest common divisor of g and 24.
3
Let b(j) = 2*j**2 + 4*j - 2. Let g be b(-3). Let t be 22 - (-1 - -3 - g). What is the highest common factor of t and 264?
24
Let q be (72 - (-4 - -11)) + (-1 - 1). Calculate the highest common factor of 36 and q.
9
Suppose -554 = 10*c - 3104. Calculate the greatest common divisor of 51 and c.
51
Let y be 11 - ((0 - -5) + (-27)/3). Let v(j) = 2*j - 2. Let w be 6*(2 - (1 + 0)). Let i be v(w). Calculate the greatest common divisor of i and y.
5
Suppose -k - 5*u + 4 = -51, 0 = 5*k + 3*u - 363. Let h = k + -45. Calculate the greatest common factor of 10 and h.
10
Suppose 2*x + 4*v - 90 = 0, -3*x + 41 = -2*x + v. Let i = -3731 + 4138. What is the highest common divisor of x and i?
37
Let v = 19 + -16. Let l(b) = -b - 1. Let h(a) = 2*a - 14. Let o(q) = -h(q) - l(q). Let z be o(-12). Calculate the greatest common divisor of v and z.
3
Let a = 388 - 81. Suppose -a = -4*o - h, 3*h + 67 = -10*o + 11*o. What is the highest common factor of 114 and o?
38
Let k be 14/7 + 3 + -2 + 4 + 73. Suppose 2*q = 0, -3*q + 48 = 3*j - 2*q. What is the highest common divisor of j and k?
16
Suppose 0 = -h - 3*a + 32, 5*h - 96 = -6*a + 7*a. Suppose l - 4 = 16. What is the greatest common factor of h and l?
20
Suppose g - 3*o = 2*o + 37, -3*g = 5*o - 151. What is the highest common factor of 517 and g?
47
Let h(o) = -78 + 0*o - o + 96. Let z be h(-12). What is the highest common factor of z and 270?
30
Let z be 8*(-3)/(-24)*18. What is the greatest common factor of 102 and z?
6
Let r = 130 + -18. Suppose 4*x - 5*g = r - 33, -4*x - 2*g = -114. Calculate the highest common factor of x and 39.
13
Let x = 18 + -13. Suppose -x*j - 1 = -46. Suppose -5*z - 4*f = -290, 0 = -2*z - 5*f + 138 - 5. What is the highest common divisor of j and z?
9
Suppose x + 2*x + 6 = 0, 37 = f + x. Calculate the highest common factor of f and 12.
3
Let k be -2 - (-59 - (-1 - -4)). Let w = -17 - -22. Suppose u = 2, 29 - 9 = 3*p - w*u. What is the highest common divisor of k and p?
10
Let a be (-3 - -1)/((-1)/2). Suppose a*k = k - w + 31, 0 = -4*w - 8. Suppose -5*l + 6*m = 4*m - 31, 2*m = l - k. What is the greatest common factor of 15 and l?
5
Suppose 44*u - 10892 - 7852 = 0. What is the greatest common factor of u and 2?
2
Suppose 14*l = -142 + 1038. Calculate the greatest common divisor of 16 and l.
16
Let b be ((-9)/(-6) + -1)*2. Let c be 6/4*4 - (-60 + 57). What is the highest common divisor of b and c?
1
Let x(d) = -d**3 - 4*d**2 - 7*d + 7. Let f be x(-3). Let j = -28 + 47. Calculate the greatest common divisor of f and j.
19
Suppose 0 = 9*t + 9 - 288. Let n = 356 - 139. What is the greatest common divisor of n and t?
31
Let b(n) = n**3 + 13*n**2 + 7*n - 21. Let z be b(-7). Let u be -3 + (3 - (-3 + 0)) - -11. Calculate the greatest common factor of z and u.
14
Suppose -720 = 4*p - 1468. Calculate the highest common divisor of 44 and p.
11
Suppose -4*o + 4*j + 252 = 0, 2*j - 51 = 66*o - 67*o. What is the highest common factor of o and 531?
59
Let j = -74 - -64. Let u be (-126)/j*5*1. Calculate the highest common divisor of u and 42.
21
Suppose 230*j - 25992 = 206*j. What is the greatest common factor of j and 57?
57
Suppose 4*g + 2*t = -g + 21, -5*t - 10 = 0. Suppose 3*f - 58 = -13. Calculate the highest common divisor of g and f.
5
Let y be (-4)/12 + 121/3. Suppose -u + 92 + 8 = 0. What is the highest common factor of u and y?
20
Let v be (-1894)/(-30) + 11*16/(-1320). Calculate the greatest common factor of v and 117.
9
Let a(d) = 25*d**3 - 8*d**2 + 8*d - 1. Let p be a(1). Calculate the greatest common divisor of p and 996.
12
Let j = 11 + 22. Suppose 4*r + 4*h = 88, -4*r - h + 44 = -2*r. What is the highest common divisor of j and r?
11
Let t = -823 - -2107. What is the highest common factor of 12 and t?
12
Let f(j) = -j**3 + 15*j**2 + 13*j + 104. Let w be f(16). Calculate the greatest common divisor of w and 256.
8
Let v(u) = -u**2 + 11*u + 57. Let t be v(14). Let n be 1 + -1 + (-2 - 52). Let s = n + 99. What is the greatest common divisor of s and t?
15
Suppose 0 = -c - 3*c + 36. Suppose -3 = 2*k + c. Let u be 482/6 + k/18. Calculate the highest common divisor of 32 and u.
